{"id":51,"date":"2020-03-23T20:04:10","date_gmt":"2020-03-23T20:04:10","guid":{"rendered":"https:\/\/www.mggrindelwald.cyon.site\/?page_id=51"},"modified":"2024-03-22T00:52:34","modified_gmt":"2024-03-21T22:52:34","slug":"der-verein","status":"publish","type":"page","link":"https:\/\/www.mggrindelwald.ch\/?page_id=51","title":{"rendered":"Der Verein"},"content":{"rendered":"\n<h2 class=\"wp-block-heading\">Mitglieder<\/h2>\n\n\n\n<p>Die Musikgesellschaft z\u00e4hlt zurzeit 25 aktive Musikantinnen und Musikanten. Unser Probelokal befindet sich im Schulhaus Endweg. Jeden Freitag vom 20.15 Uhr bis 22.00 Uhr finden unsere Gesamtproben statt. Zusatzproben vor wichtigen Auftritten finden am Mittwoch statt. Das gem\u00fctliche Beisammensein nach der Probe oder einem Anlass versteht sich von selbst.<br><br>Nebst Fr\u00fchlingskonzert, Talmusiktreffen und anderen Konzerten spielen wir auch an den Strassenfesten. Die Strassenfeste finden von Anfangs Juli bis Mitte August am Mittwoch Abend im Dorf statt. Zusammen mit den Jodlern und der Trachtengruppe konzertieren wir jeweils ab 20.30 Uhr neben dem Restaurant Alte Post.<br>Die Musikgesellschaft steht seit Anfangs 2022 unter der Leitung von Dominik Steiner.<\/p>\n\n\n\n<h2 class=\"wp-block-heading\">Geschichte<\/h2>\n\n\n\n<p>Am 27. Juni 1913 beschlossen elf M\u00e4nner, eine Musikgesellschaft ins Leben zu rufen, respektive zu neuem Leben zu erwecken. Gemeinderatsprotokollen ist n\u00e4mlich zu entnehmen, dass bereits 1901 der &#8222;neugegr\u00fcndeten Musikgesellschaft&#8220; ein Beitrag von 100 Franken an die Anschaffung von Instrumenten bewilligt wurde. Und im Jahr 1904 soll laut einer &#8222;Echo&#8220;-Notiz Pfarrer Gottfried Strasser aus Anlass seines 25 j\u00e4hrigen Wirkens in Grindelwald ein St\u00e4ndchen gegeben worden sein &#8211; notabene morgens um 6 Uhr.  Nachdem man sich intensiv mit den drei Hauptproblemen Instrumentierung, Dirigent und \u00dcbungslokal auseinandergesetzt hatte, wurde die Gr\u00fcndung offiziell am 29. September 1913 im Hotel Jungrau vollzogen, wobei die Statuten gr\u00f6sstenteils von der Gesellschaft aus dem jahr 1901 \u00fcbernommen werden konnten.<br><em>Quelle: Archiv Musikgesellschaft<\/em><\/p>\n\n\n\n<h2 class=\"wp-block-heading\">Passiv Mitgliedschaft<\/h2>\n\n\n\n<p>M\u00f6chten Sie der Musikgesellschaft vermehrt unter die Arme greifen? Als Passivmitglied sind Sie in unserem Verein herzlich wilkommen. Der j\u00e4hrliche Beitrag betr\u00e4gt f\u00fcr:<br><br>Privatpersonen CHF 20.-<br>Gesch\u00e4fte CHF 30.-<br><br>Als Dankesch\u00f6n laden wir Sie im Herbst zu unserem traditionellen Lottomatch ein. Wir schenken Ihnen zwei Gutscheine die Sie gerne einl\u00f6sen d\u00fcrfen.<\/p>\n\n\n\n<div class=\"wp-block-image\"><figure class=\"aligncenter size-full\"><img loading=\"lazy\" decoding=\"async\" width=\"2048\" height=\"1362\" src=\"https:\/\/www.mggrindelwald.ch\/wp-content\/uploads\/2024\/03\/Gruppenfoto_MGG2.jpeg\" alt=\"\" class=\"wp-image-740\" srcset=\"https:\/\/www.mggrindelwald.ch\/wp-content\/uploads\/2024\/03\/Gruppenfoto_MGG2.jpeg 2048w, https:\/\/www.mggrindelwald.ch\/wp-content\/uploads\/2024\/03\/Gruppenfoto_MGG2-300x200.jpeg 300w, https:\/\/www.mggrindelwald.ch\/wp-content\/uploads\/2024\/03\/Gruppenfoto_MGG2-1024x681.jpeg 1024w, https:\/\/www.mggrindelwald.ch\/wp-content\/uploads\/2024\/03\/Gruppenfoto_MGG2-768x511.jpeg 768w, https:\/\/www.mggrindelwald.ch\/wp-content\/uploads\/2024\/03\/Gruppenfoto_MGG2-1536x1022.jpeg 1536w, https:\/\/www.mggrindelwald.ch\/wp-content\/uploads\/2024\/03\/Gruppenfoto_MGG2-1200x798.jpeg 1200w\" sizes=\"auto, (max-width: 709px) 85vw, (max-width: 909px) 67vw, (max-width: 1362px) 62vw, 840px\" \/><\/figure><\/div>\n\n\n\n<p><\/p>\n","protected":false},"excerpt":{"rendered":"<p>Mitglieder Die Musikgesellschaft z\u00e4hlt zurzeit 25 aktive Musikantinnen und Musikanten. Unser Probelokal befindet sich im Schulhaus Endweg. Jeden Freitag vom 20.15 Uhr bis 22.00 Uhr finden unsere Gesamtproben statt. Zusatzproben vor wichtigen Auftritten finden am Mittwoch statt. Das gem\u00fctliche Beisammensein nach der Probe oder einem Anlass versteht sich von selbst. Nebst Fr\u00fchlingskonzert, Talmusiktreffen und anderen &hellip; <a href=\"https:\/\/www.mggrindelwald.ch\/?page_id=51\" class=\"more-link\"><span class=\"screen-reader-text\">\u201eDer Verein\u201c<\/span> weiterlesen<\/a><\/p>\n","protected":false},"author":1,"featured_media":0,"parent":0,"menu_order":0,"comment_status":"closed","ping_status":"closed","template":"","meta":{"footnotes":""},"class_list":["post-51","page","type-page","status-publish","hentry"],"_links":{"self":[{"href":"https:\/\/www.mggrindelwald.ch\/index.php?rest_route=\/wp\/v2\/pages\/51","targetHints":{"allow":["GET"]}}],"collection":[{"href":"https:\/\/www.mggrindelwald.ch\/index.php?rest_route=\/wp\/v2\/pages"}],"about":[{"href":"https:\/\/www.mggrindelwald.ch\/index.php?rest_route=\/wp\/v2\/types\/page"}],"author":[{"embeddable":true,"href":"https:\/\/www.mggrindelwald.ch\/index.php?rest_route=\/wp\/v2\/users\/1"}],"replies":[{"embeddable":true,"href":"https:\/\/www.mggrindelwald.ch\/index.php?rest_route=%2Fwp%2Fv2%2Fcomments&post=51"}],"version-history":[{"count":20,"href":"https:\/\/www.mggrindelwald.ch\/index.php?rest_route=\/wp\/v2\/pages\/51\/revisions"}],"predecessor-version":[{"id":833,"href":"https:\/\/www.mggrindelwald.ch\/index.php?rest_route=\/wp\/v2\/pages\/51\/revisions\/833"}],"wp:attachment":[{"href":"https:\/\/www.mggrindelwald.ch\/index.php?rest_route=%2Fwp%2Fv2%2Fmedia&parent=51"}],"curies":[{"name":"wp","href":"https:\/\/api.w.org\/{rel}","templated":true}]}}